 = 4*w - 2*w. What is the units digit of o?
6
Let q be (-5 - -6)*8/(-2). Let f be ((-2)/q*0)/(-1). Let n = f - -31. What is the units digit of n?
1
Let v(l) = -14*l - 21. Let z = 32 - 44. What is the tens digit of v(z)?
4
What is the hundreds digit of (1854/(-36))/(((-1)/(-14))/(-1))?
7
Let i = 4896 - 3282. What is the thousands digit of i?
1
Let h = -278 - -274. Let w(f) = f**2 + f. Let p(i) = 3*i - 3. Let x(c) = -p(c) - w(c). What is the units digit of x(h)?
3
Let v(p) = 93*p**2 + 19*p + 9. What is the thousands digit of v(4)?
1
Let d(f) = -8*f**2 + 2*f - 2. Let a be d(2). Let x be a/(-7) + (-4)/14. Suppose -5*l + 98 = 3*m, m - 85 = -x*l - 1. What is the tens digit of l?
2
Let o = 344 + -181. Let u = o + 29. What is the units digit of u?
2
Suppose -x + 0*d - 6 = 5*d, 0 = -3*x - 2*d + 8. Let n(b) = -x*b + 0*b**2 + 16 - 9*b - b**2. What is the units digit of n(-13)?
6
Let m be 9*12*32/18. Suppose 2*f - 178 - m = 0. What is the hundreds digit of f?
1
Suppose 0 = u - 2*u + 5. Suppose -11 = -3*j - u*f, -j = -4*f - 0*f + 2. Suppose -3*h + 52 - 8 = -v, -5*h = -j*v - 73. What is the tens digit of h?
1
Let m = -13 - -2. What is the units digit of (-1 - -48) + (m - -10)?
6
Let a(k) = -12 - 12 - 13*k + 30*k - 20. What is the tens digit of a(6)?
5
Suppose 7960 - 1041 = 17*b. What is the units digit of b?
7
Let s(k) = -7*k + 14*k - 8 + 4. Let w be s(-11). Let d = -40 - w. What is the tens digit of d?
4
Let x(t) = 3*t - 4. Let h be x(3). Suppose -3*d + h*z + 188 = -0*d, z + 245 = 4*d. What is the tens digit of d?
6
Let d = 554 + 2630. What is the thousands digit of d?
3
Suppose -27 = -5*b + 288. Let u(c) = -2*c**2 - 6*c - 9. Let s be u(-6). Let y = s + b. What is the tens digit of y?
1
Suppose -30*m - 10*m = -61880. What is the units digit of m?
7
Let l be (1/(-1))/((-3)/9). Let q be 0/(-1) - -6 - 2. Suppose -3*x + q*j - 169 = -8*x, -4*x + 160 = -l*j. What is the units digit of x?
7
Let b = 5 - 3. Let d(n) = -n**3 + 5*n**2 + n - 2. Let z be d(5). Suppose -z*t = -4*x - 56, -b*x + 7*x + 74 = 4*t. What is the units digit of t?
6
Suppose 2*o - 4*c + 12 = -4, 0 = 3*o + 4*c + 34. What is the tens digit of (4 + -2)/(o/(-140))?
2
Let r(p) be the third derivative of p**6/60 - p**4/12 + p**3/3 + 9*p**2. What is the tens digit of r(3)?
5
Let a(q) = -4*q**2 + 9*q**2 - q**3 + 0*q**3 + 6*q - 4 - 3*q. Let y be a(4). Suppose y = 4*n - 40. What is the tens digit of n?
1
Let u be (-1 - 7/(-5))*(-105)/(-7). What is the tens digit of ((-1)/(2/(-20)))/(u/57)?
9
Suppose -3*i - 13 = -4*i. Suppose -i*v - 225 = -18*v. What is the tens digit of v?
4
Suppose 2*b = -b - m + 784, -m - 788 = -3*b. Suppose -4*r - a = -2*a - b, a = 3*r - 196. What is the tens digit of r?
6
What is the tens digit of (-4080)/(-1)*(-10)/(-16 + -4)?
4
Let c(n) = n + 6. Let a be c(-6). Suppose -4*h = a, -3*h + 2 = 4*k - 330. What is the tens digit of k?
8
Let z(x) = -x**2. Let i be z(0). Suppose 2*p + 18 + 2 = i. Let o = -6 - p. What is the units digit of o?
4
Let k(f) be the first derivative of -f**4/4 + 7*f**3/3 + 3*f**2/2 - 7*f - 4. What is the tens digit of k(6)?
4
Let n = -51 - -68. Let j = 119 - n. What is the hundreds digit of j?
1
Let l(b) = -2*b - 19. Let f(j) = -j - 2. Let d be f(-5). Let w(q) = -5*q - 38. Let c(i) = d*w(i) - 7*l(i). What is the tens digit of c(-9)?
2
Suppose 0*c = -8*c + 8528. What is the hundreds digit of c?
0
Let d(a) = a**2 - 12*a - 10. Let h be d(13). What is the tens digit of (2 - -31)/(h/2)?
2
Let t be (-2 + 6)*(-2)/(-4). Suppose t*u - 5 = 1, 5*i - 322 = u. What is the units digit of i?
5
Suppose 5*q + 5020 = 5*p, -4*q + 6*q + 3007 = 3*p. What is the units digit of p?
9
Suppose q - 3*k - 732 = 0, -k = -0*q - 5*q + 3674. What is the units digit of q?
5
Let a be 6/(-6)*(-1 + 2). Let i(k) = -16*k**3 - k**2 + 2. What is the units digit of i(a)?
7
Let z be 12/48 + 58/(-8) - 1. What is the tens digit of 3/2*((-1744)/3)/z?
0
Let o be (-4)/(((-12)/(-3))/(-4)). Let g be 3/(o/144*3). Suppose z - g = -z. What is the tens digit of z?
1
Let b be -4*9/(-18)*2/(-4). What is the units digit of 42 - b - (4 + -5) - -3?
7
Let w be 1/(-2)*(-1 + 3). Let f(o) = 27*o**2 + 3*o + 2. Let l be f(w). Suppose -4*a = -l - 106. What is the tens digit of a?
3
What is the thousands digit of (15966/18)/((-7)/(-21))?
2
Let m be 8 + -4 - (12 - -1). Let r = 31 - m. Let i = r - -22. What is the units digit of i?
2
Let u(g) = 19*g**2 - 3*g + 14. What is the tens digit of u(3)?
7
Suppose 5*y - 77 = 8. Let l = y + -12. Suppose l = -2*g + 7*g, 83 = 3*m - 4*g. What is the tens digit of m?
2
Suppose -40 = 23*h - 27*h. Let n(y) = y + 23. What is the tens digit of n(h)?
3
Suppose 0 = -4*l + 3*l - 40. Let u = l + 83. Suppose 3*m - 2*a = u, -5*a - 10 = -m - 0*a. What is the tens digit of m?
1
Suppose -5*x + 8 + 2 = 0. Suppose 3*l - 5 = x*v, 4*v - 3 = -l - 6. Let h(i) = 9*i + 2. What is the units digit of h(l)?
1
Suppose 3*c + 25 = 5*v - 2*c, v - 3*c = 5. What is the units digit of v?
5
Suppose 5*s - 145 = 2*r, -3*s - 3*r + 0*r + 66 = 0. Suppose -3*t = -5*l + 27, s = 4*l + 3*t - 0*t. What is the units digit of (-16)/l*12/(-8)?
4
Suppose -u = 2*b - 618 - 1592, b + 4440 = 2*u. What is the hundreds digit of u?
2
Let h be 764/28 + (-2)/7. Let x be 73/6 + (-3)/18. Let c = h - x. What is the tens digit of c?
1
Let x = 14 + -8. Let v = x - -262. What is the units digit of v?
8
Let v = 41 - 4. Suppose 18 = s - 2*z, -8 = 3*s - z - v. What is the units digit of s?
8
Suppose 107*l + 1554 = 114*l. What is the tens digit of l?
2
Let g be (-1 + -3)/((-2)/28). Suppose 5*c = 4*s + g, -c - 1 = -5. Let p = 17 + s. What is the units digit of p?
8
Let j = -3 + -6. Let m be ((-3)/(-2))/(j/(-24)). Suppose -30 = -m*u + 30. What is the units digit of u?
5
Let d be 6 + 1 + 2 + -6. Let g(p) = 2*p + 63*p**2 - 4 + d + p + 0. What is the units digit of g(1)?
5
What is the units digit of (-6 + -18)/(-8) - -653?
6
Let z(o) = -o**3 + 7*o**2 - 5*o - 8. Let i be z(4). Suppose 1410 = i*d - 14*d. What is the units digit of d?
5
Let l be 1/((-2)/(-101))*(-5 - -11). Suppose -5*z + 107 = -l. What is the units digit of z?
2
Let j = 40 - 15. Let r = j + -11. What is the units digit of (2 - 5)/((-6)/r)?
7
Suppose -4*y + 3*r - 31 = 0, 3*y - 3*r - 2*r = -37. What is the tens digit of (-280)/y - (-2)/1?
7
Let j = 161 + -151. Let n(b) = b**3 - 10*b**2 + 9*b + 28. What is the units digit of n(j)?
8
Let f = 3 - -1. Suppose a = 3*u - 2*u - 40, f*u - 130 = -2*a. Suppose h + 4*h - u = 0. What is the units digit of h?
7
Let n = -13 + 10. What is the tens digit of (4 + n)*-3 - -94?
9
Let f(w) = -34*w**3 + 2*w**2 + w. Let q be f(-1). Let z = -35 + q. Suppose 4*b - 2 - 122 = z. What is the units digit of b?
1
Let d(o) = -o - 4. Let w = -27 + 20. Let r be d(w). Suppose 0 = -4*y + 5*y, -2*t = r*y - 76. What is the units digit of t?
8
Let o(y) be the third derivative of -y**6/120 + 7*y**5/60 + 3*y**4/4 - 4*y**3/3 - 4*y**2. What is the units digit of o(5)?
2
Let u(x) = 6*x**3 - 5*x**2 - 5*x + 68. What is the hundreds digit of u(8)?
7
Suppose 7*k - o - 8 = 8*k, k + 5*o = 8. What is the units digit of k/(-8) + (-1 - 531/(-6))?
9
Suppose l + 14 = -4. Let t = l - -22. Suppose 5 = 3*b - t, -2*m + 96 = -2*b. What is the units digit of m?
1
Let q be (-12)/(-8)*(-1002)/(-9). Suppose o = -49 + q. Suppose -4*j = -j - 3*t - 177, o = 2*j - 3*t. What is the units digit of j?
9
Suppose 72 = 15*r - 17*r. Let t = r - -193. What is the tens digit of t?
5
Let n(f) = -2*f + 11. Let i be n(-7). Suppose -2*z + i = -1. What is the units digit of (-2)/(-4) - z/(-2)?
7
Let b(v) = 3 + 4*v - 6*v**2 + v**3 - 16*v + 0*v**3. Let g be b(8). Suppose o = 6*o - g. What is the units digit of o?
7
Let r(k) = 3*k**3 - 13*k**2 + 2*k - 10. Let h(y) = 2*y**3 - 12*y**2 + y - 11. Let j(g) = 4*h(g) - 3*r(g). What is the units digit of j(-9)?
4
Let p = 8 - 6. Let o(b) = -2*b - p*b + 0 - 4. What is the tens digit of o(-5)?
1
Let x = -36 - -32. What is the units digit of x/6*(-945)/14?
5
Let o = 14 - -51. What is the tens digit of o?
6
Suppose -2*d + 20 = -6*d. Let p(c) = 3*c**2 + 8*c + 6. What is the tens digit of p(d)?
4
Suppose w + 16 = 2*g + 5, -8 = -g + w. Let m be ((-14)/g)/(12/144). Let a = 5 - m. What is the tens digit of a?
6
Let u = 365 + -67. What is the tens digit of u - (-4)/3*(-30)/(-20)?
0
Let i(b) = -b**